e remainder when (-1)/(3/k*3) is divided by j?
13
Let k(o) = 239*o - 950. Suppose -3*a - 2*a = -30. What is the remainder when a is divided by k(4)?
0
Let d(j) = j**3 + 2*j**2 - j. Let z be d(-2). Let y(t) = 6*t**2 - 2*t - 2. Calculate the remainder when 272/(-2)*((-315)/(-36) - 9) is divided by y(z).
16
Suppose -t + 3*u + 43 = 0, 0 = 4*t - 0*t + u - 159. Suppose -4*l = 2*a - 112, 2*l - a = t + 12. Calculate the remainder when 642/8 - 2/8 is divided by l.
26
Let c(n) = n**3 + 20*n**2 + 36*n + 15. Calculate the remainder when c(-18) is divided by 12.
3
Let z be (1*-3)/(13 + -12). Calculate the remainder when 19 is divided by (-1)/((z/15)/1).
4
Suppose 0*n + 4*n = -3*x + 1, -3*n = x - 7. What is the remainder when 33 is divided by (-17)/n*-2*1*2?
16
Let b be (3248/(-12))/(-4) + 1/3. Let i = 81 - b. Calculate the remainder when -4 + 2 - (-1 - 52) is divided by i.
12
Let g(o) = o + 47. Calculate the remainder when g(0) is divided by (0 + -2)*(-15)/(-6)*-5.
22
Let m(l) = 4*l**2 + 4*l + 2. Calculate the remainder when m(5) is divided by (2/(-4))/((-9)/450).
22
Suppose 2*c - 17 = -3. Suppose 0 = -4*y + 5*g - 11, 3*y - 3*g = -4*g + 6. Let q = y + c. Calculate the remainder when 13 is divided by q.
5
Let w be (-532)/(-126) - (8/9)/4. Suppose -214 = -w*f + 2*b, 122 = 2*f - 3*b - b. Calculate the remainder when f is divided by 18.
15
Let d(u) = u**3 + 10*u**2 + 17*u - 17. Calculate the remainder when 207 is divided by d(-4).
9
Let w be (-16)/48 + (-14)/(-6). Let o = w - -32. What is the remainder when 202 is divided by o?
32
Let a(z) = 2*z**2 + 4*z - 6. Let w be a(-4). Suppose 2*p = w + 38. Calculate the remainder when p is divided by 9.
6
Let z = -2542 - -2641. Calculate the remainder when z is divided by 37.
25
Suppose -x = 0, 5*y + 4*x + 20 = 205. What is the remainder when 71 is divided by y?
34
Suppose 2*k = -0*k + 372. Suppose 6*v = 9*v - k. What is the remainder when v is divided by 16?
14
Let w(k) = -5*k + 2. Let q be w(2). Calculate the remainder when 1/(3/2)*57 is divided by 284/14 + q/28.
18
Let n(d) = -d + 5. Let i be n(3). Let v be 1*(-1 - (-1 + i)). Let c = 7 - v. Calculate the remainder when c is divided by 5.
4
Let t(n) = -n + 3. Suppose -4*z + 11*z - 112 = 0. Calculate the remainder when z is divided by t(-6).
7
Let z(k) = -4*k + 8. Let c be z(6). Let d = 39 + c. Calculate the remainder when d is divided by 12.
11
Suppose -28 = -w - 11. Calculate the remainder when 58 is divided by w.
7
What is the remainder when (7/((-105)/(-216)))/((-18)/(-60)) is divided by 11?
4
Let i = -177 - -265. Calculate the remainder when i is divided by 18.
16
Let f(w) = 4*w + 6. Let k be f(-5). Let h = k + 32. Let l(b) = 67*b - 398. Calculate the remainder when l(7) is divided by h.
17
Suppose 12*f - 35 = 5*f. Let q(r) = 3*r + 22. What is the remainder when q(0) is divided by f?
2
Suppose -11 - 9 = -4*j. Let n be (0/1)/((-5)/j). Suppose n = r - 62 - 15. What is the remainder when r is divided by 20?
17
Let n be 0 - (-5)/(2 + -7). Let f(l) = 3*l**3 - 2*l**2 - l. Let p be f(n). Let s(m) = m**2 + m - 7. What is the remainder when 9 is divided by s(p)?
4
Let l(y) = -y. Let c(p) = -2*p - 24. Let f(i) = -c(i) + 3*l(i). Let t = 322 + -252. Calculate the remainder when t is divided by f(0).
22
Suppose 556*v - 468 = 538*v. Calculate the remainder when 465 is divided by v.
23
Let g(t) = 9*t - 25. Let u(v) = v**3 + 17*v**2 - 3*v - 41. Let x be u(-17). Calculate the remainder when g(x) is divided by 11.
10
Let v = -5 - -12. Suppose -v = 4*j + 1. What is the remainder when 2*((-70)/(-4) + j) is divided by 11?
9
Let j be ((-40)/(-24))/((-10)/(-12)) - -84. Let k = j - 36. Calculate the remainder when 149 is divided by k.
49
Suppose -171*h = -162*h - 738. Suppose 0 = 2*i - i - 21. Calculate the remainder when h is divided by i.
19
Let s = 141 + -60. Let l be (3*30/(-27))/(2/(-3)). Suppose -l*h = -0*h - 105. Calculate the remainder when s is divided by h.
18
Let v(i) = i**3 + 8*i**2 - 5*i - 27. Let o = -24 - -48. Calculate the remainder when o is divided by v(-8).
11
Suppose -4 = -h - 3*y - 60, -3*h = -4*y + 168. Let g = h + 81. Calculate the remainder when g is divided by 13.
12
Let t(a) = 0*a**2 + 8*a + 5 + 49*a**3 - 8*a**2 - 48*a**3. What is the remainder when 22 is divided by t(7)?
10
What is the remainder when 161 + (-1 - 3*(-35)/(-21)) is divided by 12?
11
Let i(h) = h**3 - 3*h**2 - 8*h + 4. Suppose -880 = -4*g - 0*g. Suppose 0*u - 4*u = -g. What is the remainder when u is divided by i(5)?
13
Let v(a) = a + 1. Let l(o) = -o**3 - 12*o**2 - 2*o - 7. Let c(k) = -l(k) - 5*v(k). What is the remainder when c(-10) is divided by 39?
37
Suppose -2*a + 7 = 5. Suppose 0 = 4*w + w - 2*k - 169, k = -2*w + 64. Suppose 3 = 4*c - a, 2*i + 3*c - w = 0. Calculate the remainder when 57 is divided by i.
12
Let b = -13 - -24. Suppose -19*x - 2 = -20*x. Suppose x*w + 5*s - 114 = 0, 112 = 2*w - s + 5*s. What is the remainder when w is divided by b?
8
Let c = -1305 - -1423. What is the remainder when 136 is divided by c?
18
Let s = 2221 - 2166. What is the remainder when 317 is divided by s?
42
Suppose 0 = 3*y + 5*c - 31 - 156, 2*c = 5*y - 291. What is the remainder when 587 is divided by y?
56
Let x = -454 + 690. Calculate the remainder when x is divided by 32.
12
Suppose 5*b - n = 136, -10*b + 11*b - 4*n - 12 = 0. Suppose 0 = 2*s + 5*x - 91, -2*s + 49 + 52 = -5*x. Calculate the remainder when s is divided by b.
20
Suppose 0 = -11*m + 9*m + 136. Suppose -2*o + m = -o. Calculate the remainder when o is divided by 18.
14
Let h = -93 - -93. Suppose -5*d + 165 + 90 = h. Calculate the remainder when d is divided by 13.
12
Let t be 4/10 + 0 - 3936/(-10). What is the remainder when 78 is divided by t/14 + 6/(-126)*3?
22
Let a = -16 - -28. Let q be ((-792)/21)/4*14. Let i = q + 136. What is the remainder when a is divided by i?
0
Suppose 30 = -l + 57. Suppose 7*s = 2*s + 670. What is the remainder when s is divided by l?
26
Let c(r) = -5*r + 82. What is the remainder when 318 is divided by c(10)?
30
Suppose -b + 6 = 3. Suppose 4*d = -2*s + 4*s - 26, 0 = -s - 2*d - b. Let m = -1025 - -1042. What is the remainder when m is divided by s?
2
Suppose -65 = 5*q - 6*l + l, -19 = q + 2*l. Let s = q - -27. Let h(j) = 3*j + 2. Calculate the remainder when h(s) is divided by 10.
8
Let p = -347 - -377. What is the remainder when 476 is divided by p?
26
Suppose 8*g = -550 + 1574. What is the remainder when g is divided by 44?
40
Suppose 0 = 3*u + 59 + 16. Let g = u - -40. What is the remainder when (-3)/15 + 153/g is divided by 4?
2
Let n be (1 + -221)/(-5) - 0. Suppose 0*q + 4*l = 2*q - n, 3*l = -q + 22. Calculate the remainder when q is divided by 13.
9
Let o(z) be the first derivative of z**4/4 + 8*z**3/3 - 5*z**2/2 + 4*z - 5. Let s be o(-9). What is the remainder when 46 is divided by s/6*(-72)/32?
10
Let z(p) = p**3 - 2*p**2 - 7*p + 6. Let t be z(4). Let g = 7 + -5. Calculate the remainder when t/(g + (-18)/10) is divided by 13.
11
Calculate the remainder when -5*24/30 + 9 + 0 is divided by (0 - 3) + (2 - -6).
0
Let y be (2 + -3 + 1)*-1. Suppose 4*u - 5*l = -54 + 17, y = 3*u - 5*l + 34. What is the remainder when 8 is divided by 21/12 + u/(-12)?
0
Suppose 0*b + 22 = 3*z - 4*b, 0 = 5*z + 2*b - 28. Let o = -12 + z. Calculate the remainder when 10/(-2)*(o - -5) is divided by 4.
1
Let n = 20 - -5. Let f be ((-59)/3)/(1 + 8/(-6)). Let r = -46 + f. What is the remainder when n is divided by r?
12
Let m = 1878 + -1861. What is the remainder when 253 is divided by m?
15
Suppose t + 0*t + 3 = 0. Let x(z) = -3*z + 5. Let f be x(t). Let c(q) = q - 12. What is the remainder when c(f) is divided by 2?
0
Suppose 3*w - 2*w - 103 = -4*r, 2*w = -10. What is the remainder when 161 is divided by r?
26
Suppose 359*a - 363*a = -44. Calculate the remainder when 987 is divided by a.
8
Suppose 5*y = 4*m + 47, -3*m + 6*m - 5*y = -39. Let c(k) = -5*k - 15. What is the remainder when c(m) is divided by 13?
12
Let d(r) = r**2 + r + 2. Let w(p) = 1. Let s(m) = d(m) - 6*w(m). Calculate the remainder when 44 is divided by s(4).
12
Suppose 122 + 34 = 6*a. Let o(u) = u**2 + 2*u + 3. Calculate the remainder when a is divided by o(-3).
2
Let q(b) = b. Let m be q(1). Suppose 0 = f + z - 5*z + m, -5*f + 27 = -4*z. Let h = -90 - -93. Calcula